{"id":58,"date":"2014-11-17T20:57:04","date_gmt":"2014-11-17T20:57:04","guid":{"rendered":"http:\/\/rotwild-welscher.de\/?page_id=58"},"modified":"2025-12-08T20:45:03","modified_gmt":"2025-12-08T20:45:03","slug":"produkte","status":"publish","type":"page","link":"https:\/\/rotwild-welscher.de\/?page_id=58","title":{"rendered":"Das Fleisch"},"content":{"rendered":"\n<address>&nbsp;<\/address>\n\n\n\n<h3><strong>Du bist was du isst <\/strong>&#8211; davon sind wir \u00fcberzeugt.<\/h3>\n\n\n\n<address>&nbsp;<\/address>\n\n\n\n<address>Unser Rotwilfleisch ist vom edlen Geschmack, sehr fettarm, hat einen niedrigen Cholesteringehalt und ist besonders eiwei\u00dfreich. Es gibt ausschlie\u00dflich nat\u00fcrliches Futter, immer frische Luft und mehr als gen\u00fcgend Platz um dem Bewegungsdrang gerecht zu werden &#8211; all dies wirkt sich selbstverst\u00e4ndlich auch positiv auf die Fleischqualit\u00e4t aus.<\/address>\n\n\n\n<address>Da wir weiterhin unserem Hirschfleisch immer gen\u00fcgend Zeit zum reifen geben und junges Rotwild in den Verkauf bringen, ist es besonders zart und m\u00fcrb und hat auch keinen &#8222;rassen&#8220;, sondern nur leichten Wildgeschmack.<\/address>\n\n\n\n<address>&nbsp;<\/address>\n\n\n\n<address>In unserem EU-zugelassenen Schlachtraum wird bei jedem Tier durch einen Amtsveterin\u00e4r\/-in die Fleischbeschau durchgef\u00fchrt &#8211; Sie k\u00f6nnen sich also sicher sein, dass Sie nur Rotwildfleisch bester Qualit\u00e4t in einwandfreiem Zustand von uns erwerben. Auch \u00fcber Bleir\u00fcckst\u00e4nde m\u00fcssen Sie sich keine Gedanken machen.<\/address>\n\n\n\n<address>&nbsp;<\/address>\n\n\n\n<figure class=\"wp-block-image alignnone\"><a href=\"http:\/\/rotwild-welscher.de\/wp-content\/uploads\/2014\/11\/Fleisch_HP.jpg\"><img loading=\"lazy\" width=\"1024\" height=\"575\" src=\"http:\/\/rotwild-welscher.de\/wp-content\/uploads\/2014\/11\/Fleisch_HP-1024x575.jpg\" alt=\"Bratenst\u00fccke aus der Rotwildkeule\" class=\"wp-image-161\" srcset=\"https:\/\/rotwild-welscher.de\/wp-content\/uploads\/2014\/11\/Fleisch_HP-1024x575.jpg 1024w, https:\/\/rotwild-welscher.de\/wp-content\/uploads\/2014\/11\/Fleisch_HP-300x168.jpg 300w, https:\/\/rotwild-welscher.de\/wp-content\/uploads\/2014\/11\/Fleisch_HP.jpg 1037w\" sizes=\"(max-width: 1024px) 100vw, 1024px\" \/><\/a><figcaption>Bratenst\u00fccke aus der Rotwildkeule<\/figcaption><\/figure>\n\n\n<div class=\"wp-block-image\">\n<figure class=\"alignright\"><a href=\"http:\/\/rotwild-welscher.de\/wp-content\/uploads\/2014\/11\/R\u00fccken-e1449566457772.jpg\"><img loading=\"lazy\" width=\"505\" height=\"760\" src=\"http:\/\/rotwild-welscher.de\/wp-content\/uploads\/2014\/11\/R\u00fccken-e1449566457772.jpg\" alt=\"\" class=\"wp-image-173\" srcset=\"https:\/\/rotwild-welscher.de\/wp-content\/uploads\/2014\/11\/R\u00fccken-e1449566457772.jpg 505w, https:\/\/rotwild-welscher.de\/wp-content\/uploads\/2014\/11\/R\u00fccken-e1449566457772-199x300.jpg 199w\" sizes=\"(max-width: 505px) 100vw, 505px\" \/><\/a><figcaption>R\u00fcckenfilet &#8211; das beste St\u00fcck vom Hirsch<\/figcaption><\/figure><\/div>\n\n\n<h5>Wie und in welcher Form kommt das Rotwildfleisch zu Ihnen?<\/h5>\n\n\n\n<address>Aus hygenischen und transporttechnischen Gr\u00fcnden ist das Hirschfleisch vakuumiert und tiefgefroren.<\/address>\n\n\n\n<address>&nbsp;<\/address>\n\n\n\n<p>Das Fleisch erf\u00e4hrt eine der \u00e4ltestesten und bew\u00e4hrtesten Methoden der Reifung: Es h\u00e4ngt ab &#8211; bekommt also Zeit zum reifen.<\/p>\n\n\n\n<p>Durch den damit verbundenen Kontakt mit Sauerstoff wird das Fleisch an den Au\u00dfenseiten dunkel. Dies ist ein nat\u00fcrlicher Prozess und f\u00f6rdert die Qualit\u00e4t.<\/p>\n\n\n\n<p>Da wir keine festen \u00d6ffnungszeiten haben, w\u00fcrden wir Sie darum bitten, Termine f\u00fcr die Abholung telefonisch zu vereinbaren.<\/p>\n\n\n\n<p>Falls wir nun Ihr Interesse an unserem Fleisch wecken konnten, hier unsere aktuelle Preisliste:<\/p>\n\n\n\n<h5><strong><span style=\"color: #ab0a0a;\"><a href=\"http:\/\/rotwild-welscher.de\/wp-content\/uploads\/2025\/12\/Preisliste_Rotwild2025-11.pdf\" target=\"_blank\" rel=\"noreferrer noopener\">Preisliste_Rotwild2025 (klicken)<\/a><\/span><\/strong><\/h5>\n","protected":false},"excerpt":{"rendered":"<p>&nbsp; Du bist was du isst &#8211; davon sind wir \u00fcberzeugt. &nbsp; Unser Rotwilfleisch ist vom edlen Geschmack, sehr fettarm, hat einen niedrigen Cholesteringehalt und ist besonders eiwei\u00dfreich. Es gibt ausschlie\u00dflich nat\u00fcrliches Futter, immer frische<\/p>\n","protected":false},"author":1,"featured_media":0,"parent":0,"menu_order":0,"comment_status":"closed","ping_status":"closed","template":"template-fullwidth.php","meta":[],"_links":{"self":[{"href":"https:\/\/rotwild-welscher.de\/index.php?rest_route=\/wp\/v2\/pages\/58"}],"collection":[{"href":"https:\/\/rotwild-welscher.de\/index.php?rest_route=\/wp\/v2\/pages"}],"about":[{"href":"https:\/\/rotwild-welscher.de\/index.php?rest_route=\/wp\/v2\/types\/page"}],"author":[{"embeddable":true,"href":"https:\/\/rotwild-welscher.de\/index.php?rest_route=\/wp\/v2\/users\/1"}],"replies":[{"embeddable":true,"href":"https:\/\/rotwild-welscher.de\/index.php?rest_route=%2Fwp%2Fv2%2Fcomments&post=58"}],"version-history":[{"count":69,"href":"https:\/\/rotwild-welscher.de\/index.php?rest_route=\/wp\/v2\/pages\/58\/revisions"}],"predecessor-version":[{"id":314,"href":"https:\/\/rotwild-welscher.de\/index.php?rest_route=\/wp\/v2\/pages\/58\/revisions\/314"}],"wp:attachment":[{"href":"https:\/\/rotwild-welscher.de\/index.php?rest_route=%2Fwp%2Fv2%2Fmedia&parent=58"}],"curies":[{"name":"wp","href":"https:\/\/api.w.org\/{rel}","templated":true}]}}