{"id":43,"date":"2014-11-17T20:14:20","date_gmt":"2014-11-17T20:14:20","guid":{"rendered":"http:\/\/rotwild-welscher.de\/?page_id=43"},"modified":"2024-05-28T21:15:31","modified_gmt":"2024-05-28T21:15:31","slug":"willkommen","status":"publish","type":"page","link":"https:\/\/rotwild-welscher.de\/","title":{"rendered":"Home"},"content":{"rendered":"<h2 style=\"text-align: center;\"><strong><span style=\"color: #d40f0f;\">\u00a0Herzlich Willkommen!<\/span><\/strong><\/h2>\n<p style=\"text-align: center;\"><a href=\"http:\/\/rotwild-welscher.de\/wp-content\/uploads\/2014\/11\/hirschNah_breiter_hp.jpg\"><img loading=\"lazy\" class=\"aligncenter size-full wp-image-118\" src=\"http:\/\/rotwild-welscher.de\/wp-content\/uploads\/2014\/11\/hirschNah_breiter_hp.jpg\" alt=\"hirschNah_breiter_hp\" width=\"922\" height=\"455\" srcset=\"https:\/\/rotwild-welscher.de\/wp-content\/uploads\/2014\/11\/hirschNah_breiter_hp.jpg 922w, https:\/\/rotwild-welscher.de\/wp-content\/uploads\/2014\/11\/hirschNah_breiter_hp-300x148.jpg 300w\" sizes=\"(max-width: 922px) 100vw, 922px\" \/><\/a><\/p>\n<h3 style=\"text-align: center;\"><span style=\"color: #e80707;\"><strong><span style=\"color: #d40f0f;\">Auf den nachfolgenden Seiten m\u00f6chten wir Sie \u00fcber unser Bio-Rotwildgehege und -Fleisch informieren.<\/span> <\/strong><\/span><\/h3>\n<p style=\"text-align: center;\">Bio gem\u00e4\u00df Artikel 29 Absatz 1 der Verordnung (EG) Nr. 834\/2007<\/p>\n<p style=\"text-align: center;\">Kontrollstelle: ABCERT AG, Martinstr. 42 &#8211; 44, 73728 Esslingen, DE-\u00d6KO-006<\/p>\n<p style=\"text-align: center;\">Kontrollnummer: DE-BY-006-46515-AB<\/p>\n<p style=\"text-align: center;\"><img loading=\"lazy\" class=\"wp-image-242 aligncenter\" src=\"http:\/\/rotwild-welscher.de\/wp-content\/uploads\/2014\/11\/EU_BIO_Logo_SW.jpg\" alt=\"\" width=\"140\" height=\"93\" srcset=\"https:\/\/rotwild-welscher.de\/wp-content\/uploads\/2014\/11\/EU_BIO_Logo_SW.jpg 500w, https:\/\/rotwild-welscher.de\/wp-content\/uploads\/2014\/11\/EU_BIO_Logo_SW-300x200.jpg 300w\" sizes=\"(max-width: 140px) 100vw, 140px\" \/>DE-\u00d6KO-006<\/p>\n<p style=\"text-align: center;\">Deutsche Landwirtschaft<\/p>\n<p style=\"text-align: center;\"><a href=\"http:\/\/rotwild-welscher.de\/wp-content\/uploads\/2024\/05\/ABCERT_KontrollBescheinigung12-2023.pdf\">Aktuelle Bescheinigung<\/a><\/p>\n<figure id=\"attachment_246\" aria-describedby=\"caption-attachment-246\" style=\"width: 325px\" class=\"wp-caption alignleft\"><a href=\"http:\/\/rotwild-welscher.de\/wp-content\/uploads\/2014\/11\/Erl\u00e4uterungstafel-Kulap.jpg\" target=\"_blank\" rel=\"attachment wp-att-246 noopener\"><img loading=\"lazy\" class=\"wp-image-246\" src=\"http:\/\/rotwild-welscher.de\/wp-content\/uploads\/2014\/11\/Erl\u00e4uterungstafel-Kulap.jpg\" alt=\"\" width=\"325\" height=\"230\" srcset=\"https:\/\/rotwild-welscher.de\/wp-content\/uploads\/2014\/11\/Erl\u00e4uterungstafel-Kulap.jpg 1191w, https:\/\/rotwild-welscher.de\/wp-content\/uploads\/2014\/11\/Erl\u00e4uterungstafel-Kulap-300x212.jpg 300w, https:\/\/rotwild-welscher.de\/wp-content\/uploads\/2014\/11\/Erl\u00e4uterungstafel-Kulap-768x543.jpg 768w, https:\/\/rotwild-welscher.de\/wp-content\/uploads\/2014\/11\/Erl\u00e4uterungstafel-Kulap-1024x724.jpg 1024w\" sizes=\"(max-width: 325px) 100vw, 325px\" \/><\/a><figcaption id=\"caption-attachment-246\" class=\"wp-caption-text\">Erl\u00e4uterungstafel<\/figcaption><\/figure>\n<div>\u201eEurop\u00e4ischer Landwirtschaftsfonds f\u00fcr die Entwicklung des l\u00e4ndlichen Raums: Hier investiert Europa in die l\u00e4ndlichen Gebiete\u201c<\/div>\n<div>\u201emitfinanziert durch den Freistaat Bayern im Rahmen des Entwicklungsprogramms f\u00fcr den l\u00e4ndlichen Raum in Bayern 2014-2020\u201c.<\/div>\n<div>Teilnahme am Kulap-Programm B10 &#8211; \u00f6kologische Landwirtschaft im Gesamtbetrieb<\/div>\n","protected":false},"excerpt":{"rendered":"<p>\u00a0Herzlich Willkommen! Auf den nachfolgenden Seiten m\u00f6chten wir Sie \u00fcber unser Bio-Rotwildgehege und -Fleisch informieren. Bio gem\u00e4\u00df Artikel 29 Absatz 1 der Verordnung (EG) Nr. 834\/2007 Kontrollstelle: ABCERT AG, Martinstr. 42 &#8211; 44, 73728 Esslingen,<\/p>\n","protected":false},"author":1,"featured_media":0,"parent":0,"menu_order":0,"comment_status":"closed","ping_status":"closed","template":"template-fullwidth.php","meta":[],"_links":{"self":[{"href":"https:\/\/rotwild-welscher.de\/index.php?rest_route=\/wp\/v2\/pages\/43"}],"collection":[{"href":"https:\/\/rotwild-welscher.de\/index.php?rest_route=\/wp\/v2\/pages"}],"about":[{"href":"https:\/\/rotwild-welscher.de\/index.php?rest_route=\/wp\/v2\/types\/page"}],"author":[{"embeddable":true,"href":"https:\/\/rotwild-welscher.de\/index.php?rest_route=\/wp\/v2\/users\/1"}],"replies":[{"embeddable":true,"href":"https:\/\/rotwild-welscher.de\/index.php?rest_route=%2Fwp%2Fv2%2Fcomments&post=43"}],"version-history":[{"count":35,"href":"https:\/\/rotwild-welscher.de\/index.php?rest_route=\/wp\/v2\/pages\/43\/revisions"}],"predecessor-version":[{"id":303,"href":"https:\/\/rotwild-welscher.de\/index.php?rest_route=\/wp\/v2\/pages\/43\/revisions\/303"}],"wp:attachment":[{"href":"https:\/\/rotwild-welscher.de\/index.php?rest_route=%2Fwp%2Fv2%2Fmedia&parent=43"}],"curies":[{"name":"wp","href":"https:\/\/api.w.org\/{rel}","templated":true}]}}